n 31 is divided by 10?
1
Calculate the remainder when 195 is divided by 53.
36
Calculate the remainder when 1135 is divided by 377.
4
Calculate the remainder when 63 is divided by 23.
17
Calculate the remainder when 436 is divided by 26.
20
What is the remainder when 247 is divided by 55?
27
Calculate the remainder when 79 is divided by 68.
11
Calculate the remainder when 1335 is divided by 79.
71
Calculate the remainder when 253 is divided by 172.
81
What is the remainder when 671 is divided by 24?
23
Calculate the remainder when 1857 is divided by 15.
12
What is the remainder when 116 is divided by 46?
24
Calculate the remainder when 416 is divided by 42.
38
Calculate the remainder when 180 is divided by 47.
39
What is the remainder when 11562 is divided by 7?
5
Calculate the remainder when 47 is divided by 38.
9
Calculate the remainder when 4488 is divided by 67.
66
Calculate the remainder when 515 is divided by 16.
3
What is the remainder when 9757 is divided by 47?
28
Calculate the remainder when 147 is divided by 30.
27
What is the remainder when 149 is divided by 67?
15
Calculate the remainder when 913 is divided by 17.
12
What is the remainder when 1927 is divided by 325?
302
What is the remainder when 59 is divided by 13?
7
What is the remainder when 42 is divided by 10?
2
What is the remainder when 134 is divided by 24?
14
What is the remainder when 247 is divided by 74?
25
What is the remainder when 120 is divided by 17?
1
What is the remainder when 3064 is divided by 339?
13
What is the remainder when 290 is divided by 30?
20
Calculate the remainder when 395 is divided by 149.
97
Calculate the remainder when 493 is divided by 38.
37
Calculate the remainder when 736 is divided by 223.
67
Calculate the remainder when 8870 is divided by 8.
6
What is the remainder when 7701 is divided by 214?
211
What is the remainder when 1062 is divided by 56?
54
Calculate the remainder when 201 is divided by 11.
3
What is the remainder when 304 is divided by 26?
18
What is the remainder when 342 is divided by 12?
6
What is the remainder when 14012 is divided by 27?
26
What is the remainder when 110 is divided by 23?
18
Calculate the remainder when 264 is divided by 138.
126
What is the remainder when 540 is divided by 17?
13
What is the remainder when 111 is divided by 94?
17
Calculate the remainder when 1026 is divided by 21.
18
Calculate the remainder when 565 is divided by 257.
51
Calculate the remainder when 285 is divided by 21.
12
What is the remainder when 756 is divided by 35?
21
What is the remainder when 638 is divided by 20?
18
Calculate the remainder when 171 is divided by 43.
42
Calculate the remainder when 6318 is divided by 89.
88
What is the remainder when 376 is divided by 19?
15
Calculate the remainder when 8583 is divided by 54.
51
Calculate the remainder when 169 is divided by 4.
1
What is the remainder when 651 is divided by 136?
107
Calculate the remainder when 361 is divided by 14.
11
Calculate the remainder when 272 is divided by 138.
134
What is the remainder when 873 is divided by 19?
18
What is the remainder when 261 is divided by 71?
48
Calculate the remainder when 79 is divided by 41.
38
What is the remainder when 210 is divided by 36?
30
Calculate the remainder when 373 is divided by 75.
73
What is the remainder when 1890 is divided by 31?
30
Calculate the remainder when 218 is divided by 8.
2
What is the remainder when 151 is divided by 3?
1
What is the remainder when 755 is divided by 250?
5
What is the remainder when 571 is divided by 72?
67
What is the remainder when 31 is divided by 6?
1
What is the remainder when 353 is divided by 345?
8
Calculate the remainder when 1948 is divided by 643.
19
Calculate the remainder when 67 is divided by 8.
3
Calculate the remainder when 688 is divided by 145.
108
What is the remainder when 576 is divided by 119?
100
What is the remainder when 278 is divided by 10?
8
Calculate the remainder when 65 is divided by 18.
11
Calculate the remainder when 96821 is divided by 19.
16
What is the remainder when 249 is divided by 66?
51
Calculate the remainder when 76 is divided by 8.
4
Calculate the remainder when 3961 is divided by 16.
9
Calculate the remainder when 333 is divided by 48.
45
Calculate the remainder when 318 is divided by 32.
30
Calculate the remainder when 351 is divided by 166.
19
Calculate the remainder when 127 is divided by 22.
17
What is the remainder when 120 is divided by 84?
36
What is the remainder when 17983 is divided by 15?
13
What is the remainder when 184 is divided by 67?
50
What is the remainder when 804 is divided by 95?
44
Calculate the remainder when 5966 is divided by 72.
62
What is the remainder when 260 is divided by 9?
8
Calculate the remainder when 452 is divided by 139.
35
Calculate the remainder when 319 is divided by 13.
7
What is the remainder when 485 is divided by 159?
8
What is the remainder when 187 is divided by 70?
47
Calculate the remainder when 323 is divided by 36.
35
What is the remainder when 58101 is divided by 108?
105
Calculate the remainder when 4904 is divided by 9.
8
Calculate the remainder when 2885 is divided by 17.
12
Calculate the remainder when 6379 is divided by 22.
21
What is the remainder when 347 is divided by 14?
11
Calculate the remainder when 159 is divided by 99.
60
Calculate the remainder when 1081 is divided by 103.
51
Calculate the remainder when 2568 is divided by 849.
21
What is the remainder when 102 is divided by 18?
12
What is the remainder when 455 is divided by 411?
44
What is the remainder when 742 is divided by 60?
22
Calculate the remainder when 2077 is divided by 148.
5
Calculate the remainder when 2225 is divided by 10.
5
Calculate the remainder when 564 is divided by 64.
52
What is the remainder when 1439 is divided by 16?
15
Calculate the remainder when 737 is divided by 14.
9
What is the remainder when 1523 is divided by 429?
236
What is the remainder when 221 is divided by 21?
11
Calculate the remainder when 77 is divided by 30.
17
What is the remainder when 149 is divided by 64?
21
Calculate the remainder when 520 is divided by 31.
24
What is the remainder when 2925 is divided by 182?
13
Calculate the remainder when 1706 is divided by 114.
110
Calculate the remainder when 158 is divided by 5.
3
Calculate the remainder when 219 is divided by 10.
9
What is the remainder when 284 is divided by 65?
24
What is the remainder when 3447 is divided by 83?
44
Calculate the remainder when 3725 is divided by 27.
26
Calculate the remainder when 245 is divided by 8.
5
What is the remainder when 165 is divided by 51?
12
Calculate the remainder when 9347 is divided by 76.
75
What is the remainder when 380 is divided by 24?
20
What is the remainder when 3199 is divided by 26?
1
What is the remainder when 101 is divided by 34?
33
What is the remainder when 121 is divided by 41?
39
What is the remainder when 357 is divided by 347?
10
What is the remainder when 109 is divided by 36?
1
What is the remainder when 119 is divided by 33?
20
What is the remainder when 20 is divided by 11?
9
Calculate the remainder when 25 is divided by 18.
7
Calculate the remainder when 377 is divided by 76.
73
What is the remainder when 48 is divided by 41?
7
Calculate the remainder when 389 is divided by 17.
15
Calculate the remainder when 1411 is divided by 100.
11
What is the remainder when 3654 is divided by 2?
0
Calculate the remainder when 193 is divided by 65.
63
What is the remainder when 126 is divided by 73?
53
What is the remainder when 4854 is divided by 81?
75
Calculate the remainder when 788 is divided by 6.
2
What is the remainder when 1175 is divided by 66?
53
Calculate the remainder when 13371 is divided by 29.
2
Calculate the remainder when 199 is divided by 40.
39
Calculate the remainder when 5032 is divided by 76.
16
Calculate the remainder when 237 is divided by 48.
45
Calculate the remainder when 542 is divided by 42.
38
What is the remainder when 513 is divided by 249?
15
Calculate the remainder when 428 is divided by 130.
38
Calculate the remainder when 414 is divided by 98.
22
Calculate the remainder when 315 is divided by 79.
78
Calculate the remainder when 75 is divided by 6.
3
What is the remainder when 102